{"id":169,"date":"2017-08-21T19:45:20","date_gmt":"2017-08-21T17:45:20","guid":{"rendered":"https:\/\/monikawolczyk.pl\/?page_id=169"},"modified":"2019-01-12T17:37:36","modified_gmt":"2019-01-12T16:37:36","slug":"o-mnie","status":"publish","type":"page","link":"https:\/\/monikawolczyk.pl\/?page_id=169","title":{"rendered":"O MNIE"},"content":{"rendered":"<p>&nbsp;<\/p>\n<p>&nbsp;<\/p>\n<p>&nbsp;<\/p>\n<p>Hello, I&#8217;m glad to see you here on my website.\u00a0\u00a0<span class=\"_7oe\">?<\/span><\/p>\n<p>The best stories are written themselves. All you need is two beloved people and moments of honesty and intimacy. This world is inspired by emotions.<\/p>\n<p>I wish you magical journey in my world.<\/p>\n<p>\/\/<\/p>\n<p>&nbsp;<\/p>\n<p>Witajcie, bardzo mi mi\u0142o \u017ce tu ze mn\u0105 jeste\u015bcie.\u00a0<span class=\"_7oe\">?<\/span><\/p>\n<p>Najpi\u0119kniejsze historie pisz\u0105 si\u0119 same. Wystarczy do tego dwoje zakochanych ludzi oraz chwile szczero\u015bci i intymno\u015bci. Uwielbiam je z Wami prze\u017cywa\u0107. Nasz \u015bwiat inspirowany jest emocjami.<\/p>\n<p>\u017bycz\u0119 Wam magicznej podr\u00f3\u017cy po moim \u015bwiecie.<\/p>\n<p>&nbsp;<\/p>\n<p>&nbsp;<\/p>\n<p>&nbsp;<\/p>\n","protected":false},"excerpt":{"rendered":"<p>&nbsp; &nbsp; &nbsp; Hello, I&#8217;m glad to see you here on my website.\u00a0\u00a0? The best stories are written themselves. All you need is two beloved people and moments of honesty and intimacy. This world is inspired by emotions. I wish you magical journey in my world. \/\/ &nbsp; Witajcie, bardzo mi mi\u0142o \u017ce tu ze &#8230; <\/p>\n","protected":false},"author":1,"featured_media":0,"parent":0,"menu_order":0,"comment_status":"closed","ping_status":"closed","template":"","meta":{"footnotes":""},"class_list":["post-169","page","type-page","status-publish","hentry"],"_links":{"self":[{"href":"https:\/\/monikawolczyk.pl\/index.php?rest_route=\/wp\/v2\/pages\/169","targetHints":{"allow":["GET"]}}],"collection":[{"href":"https:\/\/monikawolczyk.pl\/index.php?rest_route=\/wp\/v2\/pages"}],"about":[{"href":"https:\/\/monikawolczyk.pl\/index.php?rest_route=\/wp\/v2\/types\/page"}],"author":[{"embeddable":true,"href":"https:\/\/monikawolczyk.pl\/index.php?rest_route=\/wp\/v2\/users\/1"}],"replies":[{"embeddable":true,"href":"https:\/\/monikawolczyk.pl\/index.php?rest_route=%2Fwp%2Fv2%2Fcomments&post=169"}],"version-history":[{"count":4,"href":"https:\/\/monikawolczyk.pl\/index.php?rest_route=\/wp\/v2\/pages\/169\/revisions"}],"predecessor-version":[{"id":1380,"href":"https:\/\/monikawolczyk.pl\/index.php?rest_route=\/wp\/v2\/pages\/169\/revisions\/1380"}],"wp:attachment":[{"href":"https:\/\/monikawolczyk.pl\/index.php?rest_route=%2Fwp%2Fv2%2Fmedia&parent=169"}],"curies":[{"name":"wp","href":"https:\/\/api.w.org\/{rel}","templated":true}]}}